 9*n + 6. Let d be (-12)/(-7)*7/2. Let j be w(d). What are the prime factors of 3*1 - (-2 + j/4)?
17
Let b(n) = 103*n + 6310. List the prime factors of b(0).
2, 5, 631
Suppose -4859*c - 61600 = -4869*c. List the prime factors of c.
2, 5, 7, 11
Let l = 3 + 19. Let x be (-8)/44 + 972/l. Suppose -2*m + 105 = 4*u + 17, -m + u = -x. List the prime factors of m.
2, 11
Suppose 343*o - 340*o - 2*h = 10331, -o + 4*h = -3447. List the prime factors of o.
11, 313
Let w be -3 + 6 + (-3 - -83). Let u(b) = -b**2 - 5*b - 11. Let j be u(-8). Let k = w + j. List the prime factors of k.
2, 3
Let p(x) = -2*x + 66. Let r be p(36). Let a(z) = -2*z**3 - 6*z**2 + 4*z - 11. What are the prime factors of a(r)?
181
Let m = 454 - -1317. Suppose 14*x - 5971 = m. List the prime factors of x.
7, 79
Suppose -5*l - 42373 = -161*z + 157*z, z = 5*l + 10582. List the prime factors of z.
10597
What are the prime factors of -3 + 76296/6 + (-48)/8?
97, 131
Let d(y) = 28*y**2 + 12*y - 4. Let x be d(8). Let j = -332 + x. What are the prime factors of j?
2, 97
Suppose 9*t - 2*o = 5*t + 3008, 0 = -t - o + 749. Let m = t - 190. What are the prime factors of m?
3, 11, 17
Let y(l) = -l**3 + 13*l**2 - 9*l + 15. Suppose 3*n - h - 27 = 0, -n + 2*h + 46 = 4*n. List the prime factors of y(n).
263
Let r(g) = g**3 - g**2 + g + 15. Let x = 56 + -56. Suppose -2*f + x = -10. List the prime factors of r(f).
2, 3, 5
Let d(u) = u**3 - 13*u**2 + 15*u - 17. Let v be d(13). Suppose -v + 1018 = 7*z. Suppose -2*p = y - 65, p - 2*p - z = -2*y. List the prime factors of y.
61
Suppose 2*x - 18 = -4*x. Suppose 4*h - x*t - 98 = -33, -t = -h + 17. Suppose -16*w + h*w + 154 = 0. List the prime factors of w.
7, 11
Let m be (-2 + -2 - -4)/1. Let g(t) = 67*t + 21. Let v be g(7). Suppose y + 6*y - v = m. What are the prime factors of y?
2, 5, 7
Let d = -21 + 31. Let x be (-1 - -4) + (11 - d). Suppose -3*o - 21 = -x*o. List the prime factors of o.
3, 7
Let h(g) = -15*g**3 + 7*g**2 - 12*g + 138. List the prime factors of h(-8).
2, 37, 113
Suppose -3*p - 15248 = -5*p + p. List the prime factors of p.
2, 953
Let f = -496 + 496. Suppose -2*m + 242 + 1332 = f. What are the prime factors of m?
787
Let q(b) = -5*b**2 + 28*b + 8*b**3 - 3*b + 8 - 4*b**3 - 3*b. List the prime factors of q(6).
2, 103
Suppose 7*x = 4*x - 5*j + 417, 4*x - 2*j - 530 = 0. Suppose 130*b - x*b = -192. List the prime factors of b.
2, 3
Let v be (-20)/6*1 - (-20)/60. Let k be 4/(-60)*v - (-2)/(-10). Suppose 4*l + 2*g - 6*g = 96, -2*l - 5*g + 27 = k. What are the prime factors of l?
3, 7
Suppose 0 = -391*j + 362*j + 330977. What are the prime factors of j?
101, 113
Suppose 0 = 6833*u - 6825*u - 60640. List the prime factors of u.
2, 5, 379
Let i(b) = 315*b**2 - 9*b + 45. What are the prime factors of i(-9)?
3, 7, 11, 37
Let k be 6/(-8) - (-88)/32. Suppose -5*i = k*h - 20, 0 = i + 2*h - 0 - 4. What are the prime factors of 6/i*(-10)/15*-37?
37
Let s(h) be the second derivative of -h**4/12 - 4*h**3/3 - h**2/2 + 35*h. Let g be s(-6). Let o(p) = -2*p**2 + 23*p + 8. List the prime factors of o(g).
19
Let r(d) = 26*d**3 - 7*d**2 + 7*d - 16. Let m be r(3). Suppose 5*s - 5049 = -m. List the prime factors of s.
881
Suppose -c - 4*s = -178, 0 = 27*s - 32*s - 15. Suppose 4*i + 138 = -250. Let g = i + c. What are the prime factors of g?
3, 31
Let c = 20419 - 12789. List the prime factors of c.
2, 5, 7, 109
Suppose 11*r - 120 = r. Let t(d) = -d**2 + 14*d + 19. List the prime factors of t(r).
43
What are the prime factors of 953560/496*4/5?
2, 769
Suppose c + 212755 = 4*b, 5817*b - 5820*b + 159582 = c. What are the prime factors of b?
43, 1237
Let l(j) = 13202*j**3 + 54*j - 54. List the prime factors of l(1).
2, 7, 23, 41
Let i(p) = -8*p**3 - 8*p**2 + 10*p + 16. Let h(o) = -o**3 + 27*o**2 - 46*o - 105. Let u be h(25). What are the prime factors of i(u)?
2, 383
Let g be 4*((-63)/112)/(3/100). Let v = 252 - g. What are the prime factors of v?
3, 109
Let k = 15148 - 5371. What are the prime factors of k?
3, 3259
Suppose 3*s + 48352 - 119210 = -z, 2*z = 5*s - 118071. List the prime factors of s.
11, 19, 113
Let m = 4 + -27. Let f = m + 8. Let b(v) = -5*v - 36. List the prime factors of b(f).
3, 13
Suppose o = -3*n + 9, 2*o = -o - 3*n + 21. Let i be o/4*24/(-9). Let s(h) = h + 12. What are the prime factors of s(i)?
2
Suppose -111*x + 101934 = -2739. What are the prime factors of x?
23, 41
Let m = 87005 - 37087. List the prime factors of m.
2, 11, 2269
Let g(m) = -m**3 + 11*m**2 - m. Let x be 120/28 + (-2 - 12/(-7)). Suppose -24 + 64 = x*i. What are the prime factors of g(i)?
2, 3, 5
Suppose 355*h - 276*h - 3363978 = 0. What are the prime factors of h?
2, 3, 47, 151
Let o = 725 - 444. Let a = 358 + -530. Let w = a + o. List the prime factors of w.
109
Suppose -580792 = -13*s - 104836. What are the prime factors of s?
2, 3, 113
Suppose -5*o = -2*y + 29306, -4*o = -4*y - 20429 + 79065. What are the prime factors of y?
11, 31, 43
Let n = 8268 + -4509. What are the prime factors of n?
3, 7, 179
Suppose -9 = -3*m + m + k, -3*m + 2*k + 12 = 0. Let y(s) = -7*s**2 + 3*s**2 + m*s + 27 - s**2 + 7*s**2. What are the prime factors of y(6)?
3, 5
Suppose -48*h + 202466 = -37*h. List the prime factors of h.
2, 9203
Let a = 430 - 391. Let x = a - -55. What are the prime factors of x?
2, 47
Suppose 0*i = 5*i - 5, 5*c - i = 264. What are the prime factors of -1*(-1 + -3) - -21*c?
1117
Let a be (-114)/(-30) + (-5)/(-25). List the prime factors of (-1539)/a*31/(1116/(-96)).
2, 3, 19
Suppose g - 155 = -4*f, 2*f - 32 - 383 = -3*g. Let v = g + -71. Suppose 12 = -4*i + v. List the prime factors of i.
13
Suppose -15*l + 1555658 - 371048 = 0. List the prime factors of l.
2, 7, 5641
Suppose 2*t = 4*t - 4, -t + 30131 = 3*j. List the prime factors of j.
11, 83
Let x be 71 + 0 + 2/((-8)/(-12)). Suppose 4*s - 5*q - 262 = 0, -3*q + 0 = s - x. Let u = 100 - s. What are the prime factors of u?
2
Let v(c) = 3459*c - 2811. What are the prime factors of v(2)?
3, 37
Let j = -329 + 1568. Suppose -j = 15*a - 7644. List the prime factors of a.
7, 61
Let g(j) = -11*j**3 - 5*j**2 + 2*j - 8. Suppose -10 + 34 = -6*f. What are the prime factors of g(f)?
2, 19
Suppose -38 = 7*g + 242. Let u = -196 - g. What are the prime factors of 1 + (u/(-4) - -3) + -4?
3, 13
Let w(q) = -56*q + 75. Let o(r) = 112*r - 151. Let y(a) = -2*o(a) - 5*w(a). List the prime factors of y(7).
11, 29
Let w(h) = 17 + 965*h - 484*h + 5*h**2 - 465*h. List the prime factors of w(11).
2, 3, 7, 19
Suppose -50*i + 46*i - 3*l = -3768, 3*i = 4*l + 2801. List the prime factors of i.
3, 313
Suppose -2*a - 5*g + 8482 = 0, 3*a + 2*g = -6378 + 19123. What are the prime factors of a?
3, 13, 109
Let h be (27/6 - 5)*-10. Suppose -2*w = -h*v + 722 + 1770, 16 = 4*w. List the prime factors of v.
2, 5
Suppose 7*c = 2*c + 225. Let g = 237 - 198. Let r = c - g. What are the prime factors of r?
2, 3
Suppose -23*z + 28*z = 30. Suppose -z = -8*v + 6*v. Let y = 102 + v. What are the prime factors of y?
3, 5, 7
Let d(b) = b**3 - 11*b**2 + 21*b + 49. List the prime factors of d(18).
5, 7, 11
Suppose z = -5*y + 1488, -5*z + 6354 = 4*y - 1191. Suppose 532 = -3*x + z. List the prime factors of x.
3, 109
Suppose 5*t + 5*l = l + 33, t - 4*l = -3. Suppose t = 3*b - 2*b. Suppose w + 279 = 3*k - 37, 4*k = b*w + 403. List the prime factors of k.
107
Suppose -2*o - 27 = -2*v - 5, -v - 2*o = -2. Let y = 572 + v. Suppose -56*n = -60*n + y. What are the prime factors of n?
5, 29
Let v(o) = -o**3 - 30*o**2 - 26*o - 7. Let z be v(-29). Let l = 461 + z. What are the prime factors of l?
367
Suppose -n + 3169 = 4*b, -2*n - 442 + 6804 = -4*b. List the prime factors of n.
3, 353
Suppose -19*q + 17*q + 1489824 = 40*q. List the prime factors of q.
2, 3, 739
Let n = -5 - -7. Suppose n*g - 42 = -4*g. Suppose -g*m + 2535 = 6*m. What are the prime factors of m?
3, 5, 13
Let i = 31 + -29. Suppose 0 = -i*v + 51 - 33. Suppose -14*u + v*u + 135 = 0. What are the prime factors of u?
3
Let d = 5725 - -26887. List the prime factors of d.
2, 31, 263
Let y(f) = f**3 + 6*f**2 + 59*f + 102. List the prime factors of y(12).
2, 3, 7
List the prime factors of ((-103374)/2)/(16/(-6) + (-745)/(-447)).
3, 5743
What are the prime factors of (6138/10 - 1)/(472/12980)?
2, 11, 383
Let q(k) be the first derivative 